atest common factor of 162143064 and 288.
72
Calculate the highest common divisor of 5162899 and 3364.
841
What is the highest common factor of 1435 and 11383260?
35
What is the greatest common factor of 45132 and 1776?
12
What is the highest common divisor of 12255 and 9480468?
2451
Calculate the highest common divisor of 663400192 and 34944.
11648
Calculate the highest common divisor of 209 and 1307442972.
209
What is the highest common divisor of 4120395 and 75?
15
Calculate the highest common factor of 21707269 and 35783.
3253
Calculate the highest common factor of 3082695 and 18445.
595
Calculate the highest common divisor of 1284 and 2716516.
428
Calculate the greatest common factor of 475600 and 36490.
410
Calculate the greatest common divisor of 98470 and 303440.
10
What is the greatest common factor of 409707172 and 212?
212
What is the greatest common factor of 12 and 23391040?
4
Calculate the highest common divisor of 134 and 44978842.
134
What is the greatest common divisor of 146887641 and 108?
27
What is the greatest common factor of 11444675 and 50?
25
What is the highest common factor of 640 and 1881680?
80
What is the highest common divisor of 135 and 154733655?
15
What is the greatest common factor of 21641720 and 496?
248
Calculate the greatest common divisor of 432 and 18582576.
48
What is the greatest common factor of 12395899 and 25467?
653
What is the greatest common divisor of 31734 and 4695084?
774
Calculate the greatest common divisor of 9243 and 2021373.
711
Calculate the greatest common divisor of 57510 and 6570.
90
Calculate the highest common divisor of 279 and 16617519.
279
Calculate the highest common factor of 46784 and 18752.
64
What is the greatest common factor of 1176882 and 18669?
147
Calculate the highest common factor of 120 and 5012565.
15
What is the highest common factor of 1802 and 632094?
34
Calculate the greatest common divisor of 39476700 and 2.
2
What is the highest common divisor of 47705920 and 481600?
13760
What is the highest common factor of 703926919 and 367?
367
What is the highest common divisor of 9870 and 66835692?
1974
Calculate the greatest common factor of 143815 and 12734965.
2935
What is the highest common divisor of 228701 and 264168?
1223
What is the greatest common factor of 184 and 863317052?
92
Calculate the greatest common factor of 57 and 2490121.
19
What is the highest common divisor of 812943050 and 92?
46
Calculate the greatest common factor of 46580401 and 4892.
1223
Calculate the highest common divisor of 7526571 and 118.
59
What is the greatest common factor of 227833677 and 153?
153
Calculate the greatest common factor of 81 and 45719397.
81
Calculate the highest common divisor of 259 and 10616114.
37
What is the highest common divisor of 995612164 and 4?
4
What is the highest common factor of 936 and 26653068?
468
Calculate the greatest common divisor of 1172672981 and 113.
113
What is the highest common divisor of 1184 and 239744?
32
Calculate the highest common factor of 826 and 984872.
14
What is the highest common factor of 59395 and 8505?
35
Calculate the highest common divisor of 2028528 and 1008.
144
What is the greatest common divisor of 98652706 and 674?
674
What is the highest common factor of 329266 and 1168874?
406
Calculate the greatest common divisor of 26280 and 257175.
45
Calculate the greatest common factor of 711535 and 6545.
935
What is the highest common divisor of 3725568 and 2214?
54
Calculate the greatest common factor of 2537 and 1104842.
43
What is the greatest common factor of 215114 and 99592?
118
What is the greatest common divisor of 1425443 and 1784357?
1459
What is the greatest common factor of 3 and 970089?
3
What is the greatest common divisor of 1426 and 276148?
62
Calculate the greatest common factor of 23009352 and 3810.
762
What is the greatest common divisor of 5520 and 1298580?
1380
What is the highest common factor of 16434519 and 4527?
1509
What is the greatest common factor of 17125002 and 54?
18
Calculate the greatest common factor of 107324602 and 1078.
1078
Calculate the greatest common divisor of 7891 and 61793.
1
Calculate the highest common divisor of 276 and 213367452.
12
Calculate the greatest common divisor of 109989 and 36679698.
1089
What is the highest common divisor of 1101210 and 455994?
3102
Calculate the greatest common divisor of 363 and 675664.
121
What is the greatest common factor of 8576 and 97753?
67
Calculate the greatest common divisor of 66528 and 225696.
96
Calculate the greatest common divisor of 151351 and 61625.
493
What is the highest common divisor of 96 and 78229744?
16
What is the greatest common factor of 30863784 and 168?
168
What is the greatest common factor of 1424078 and 1199294?
446
Calculate the highest common factor of 448 and 428502256.
112
What is the greatest common factor of 12 and 878182608?
12
Calculate the highest common factor of 91995 and 623235.
15
What is the highest common divisor of 41530029 and 184775?
7391
Calculate the highest common divisor of 6288080 and 2360.
40
Calculate the highest common divisor of 4901925 and 57975.
75
Calculate the greatest common divisor of 9742 and 2149557687.
4871
Calculate the greatest common divisor of 35 and 356629035.
35
Calculate the greatest common factor of 54191 and 24863.
47
Calculate the highest common divisor of 5366638 and 2.
2
What is the highest common divisor of 154 and 1060840?
22
What is the highest common divisor of 289508141 and 13?
13
What is the highest common divisor of 132 and 40070328?
12
What is the greatest common factor of 56 and 11523316?
28
What is the highest common factor of 10112750 and 8550?
950
What is the greatest common factor of 579529454 and 21783?
7261
What is the greatest common factor of 42251 and 27466991?
3841
Calculate the greatest common factor of 129 and 1009523814.
129
What is the highest common divisor of 1655275 and 1535?
5
Calculate the highest common factor of 117561752 and 9174.
3058
What is the greatest common factor of 228 and 4007176?
76
What is the greatest common divisor of 19976896 and 16?
16
Calculate the highest common factor of 8 and 32279656.
8
Calculate the highest common factor of 453708 and 225.
9
What is the highest common divisor of 895475 and 841575?
1225
What is the greatest common divisor of 8317090 and 360?
10
Calculate the highest common divisor of 178243 and 39.
13
What is the greatest common factor of 191789249 and 437?
437
What is the greatest common factor of 75187 and 47794?
23
What is the greatest common factor of 15421 and 104340689?
2203
Calculate the greatest common divisor of 26645938 and 198.
22
Calculate the greatest common factor of 824592 and 48.
48
What is the greatest common divisor of 1256922 and 522?
18
Calculate the highest common factor of 156912 and 52488.
24
Calculate the highest common factor of 126 and 176632659.
63
What is the highest common factor of 62417601 and 54?
27
Calculate the greatest common factor of 176502 and 177.
3
What is the highest common factor of 308 and 105034664?
28
What is the greatest common divisor of 36864 and 33420?
12
What is the highest common divisor of 34659867 and 707?
101
What is the greatest common factor of 44950 and 446555?
155
What is the highest common divisor of 2289560 and 224?
56
What is the highest common divisor of 243 and 28121013?
81
Calculate the highest common divisor of 739732 and 1077524.
812
Calculate the highest common divisor of 2739 and 4899477.
33
Calculate the greatest common divisor of 20 and 25780.
20
Calculate the greatest common factor of 6360 and 6858200.
2120
Calculate the greatest common divisor of 20308 and 10196.
4
What is the greatest common factor of 555 and 3761115?
15
What is the highest common factor of 7409 and 5437011?
239
Calculate the greatest common divisor of 1365359 and 4503.
19
What is the highest common divisor of 2224 and 657768016?
2224
What is the greatest common divisor of 1339 and 1786213?
13
Calculate the highest common divisor of 2376 and 510326388.
396
Calculate the greatest common factor of 100541 and 5962.
271
What is the highest common factor of 4208 and 8460184?
2104
What is the greatest common divisor of 1022 and 3652482?
146
What is the greatest common 